lse
Is 7371389 prime?
True
Is 54675097 composite?
False
Is 286149 prime?
False
Is 278717531 prime?
True
Is 51849373 a composite number?
False
Is 38987819 a prime number?
False
Is 6540749 a composite number?
True
Is 46001531 a prime number?
False
Is 46731509 composite?
True
Is 73817311 prime?
True
Is 3091937 prime?
False
Is 28414897 prime?
False
Is 167110451 a composite number?
True
Is 453769447 a composite number?
True
Is 220728182 a prime number?
False
Is 7862867 composite?
False
Is 31078441 a composite number?
False
Is 32578433 a prime number?
True
Is 2501071 a composite number?
False
Is 344543 a composite number?
False
Is 33473881 a prime number?
False
Is 2100391 prime?
False
Is 16381739 composite?
True
Is 5863043 a composite number?
False
Is 15534433 composite?
False
Is 739273 composite?
False
Is 2201219 composite?
True
Is 34819909 prime?
True
Is 9387199 prime?
True
Is 1781137 a prime number?
False
Is 27965299 prime?
False
Is 732233338 composite?
True
Is 16043149 prime?
True
Is 4860187 prime?
False
Is 16899667 prime?
False
Is 172886219 a prime number?
False
Is 187809799 a prime number?
True
Is 9306019 prime?
False
Is 54431051 a composite number?
False
Is 479483773 a composite number?
False
Is 1642755155 prime?
False
Is 3199397 a prime number?
False
Is 1177997 a prime number?
True
Is 419161 a prime number?
True
Is 128146231 prime?
False
Is 3939059 composite?
False
Is 380417 composite?
False
Is 34530205 composite?
True
Is 586423 a composite number?
True
Is 859091 a composite number?
False
Is 10881557 a composite number?
True
Is 31346083 a composite number?
False
Is 154660759 prime?
False
Is 1102339 a composite number?
True
Is 309316307 prime?
True
Is 8611961 prime?
True
Is 5262797 prime?
False
Is 3879671 a prime number?
True
Is 7113641 a composite number?
False
Is 1956229 a composite number?
True
Is 11547838 a composite number?
True
Is 7523419 a prime number?
True
Is 136296311 a composite number?
True
Is 40699229 composite?
False
Is 54897769 composite?
True
Is 15668137 prime?
True
Is 199099357 prime?
True
Is 37161379 prime?
False
Is 55785838 a prime number?
False
Is 31848827 a prime number?
True
Is 859891 composite?
False
Is 4334329 prime?
True
Is 177677 a composite number?
False
Is 1080489 prime?
False
Is 25270397 composite?
True
Is 19991717 composite?
False
Is 102870853 composite?
False
Is 4151699 composite?
False
Is 19535039 composite?
True
Is 3725513 prime?
False
Is 76243493 prime?
True
Is 13173913 composite?
True
Is 4751471 prime?
False
Is 13472699 a composite number?
True
Is 3665093 a composite number?
True
Is 42410579 composite?
False
Is 7428191 composite?
False
Is 17994111 a composite number?
True
Is 4270313 a prime number?
False
Is 19834679 composite?
True
Is 750348013 prime?
True
Is 50207 a prime number?
True
Is 35150317 a prime number?
True
Is 6944953 a composite number?
False
Is 764305667 a prime number?
True
Is 12008167 prime?
True
Is 956695 composite?
True
Is 15094231 a prime number?
True
Is 293789299 prime?
False
Is 271938441 prime?
False
Is 35171197 prime?
False
Is 350503 composite?
False
Is 7605089 composite?
False
Is 4198849 prime?
False
Is 31886497 a prime number?
True
Is 612563443 prime?
True
Is 61664843 a prime number?
False
Is 2581597 composite?
False
Is 59866507 a composite number?
True
Is 17519789 prime?
False
Is 1287047 composite?
False
Is 28677107 prime?
True
Is 1750579 a prime number?
True
Is 121229 prime?
True
Is 196112177 composite?
False
Is 9742739 a prime number?
True
Is 895989043 a composite number?
False
Is 2171707 a prime number?
True
Is 8295163 composite?
False
Is 64610211 a prime number?
False
Is 868077803 a composite number?
False
Is 50015101 a composite number?
False
Is 194550421 prime?
False
Is 119312147 a composite number?
False
Is 179497 composite?
False
Is 1585405301 a composite number?
False
Is 958909 a composite number?
True
Is 2693891 a prime number?
True
Is 694285941 prime?
False
Is 43595771 a prime number?
True
Is 3529159 composite?
False
Is 36415807 composite?
True
Is 6324943 a composite number?
True
Is 854681 a composite number?
True
Is 3028549 prime?
False
Is 79461191 a prime number?
True
Is 68462183 a prime number?
True
Is 52631518 a composite number?
True
Is 50085505 composite?
True
Is 361061 composite?
True
Is 1168397 a composite number?
False
Is 528187 prime?
False
Is 892663 a composite number?
False
Is 21124573 prime?
False
Is 4183043 a prime number?
True
Is 722197 prime?
False
Is 19028969 composite?
False
Is 66108113 prime?
False
Is 4395155 a prime number?
False
Is 2503793 composite?
True
Is 39418341 composite?
True
Is 69656537 composite?
True
Is 3860993 a composite number?
False
Is 213707717 composite?
False
Is 5602687 a prime number?
False
Is 157457411 a composite number?
False
Is 378597 a prime number?
False
Is 30632413 a prime number?
False
Is 8152457 a composite number?
False
Is 19745179 a composite number?
False
Is 210201127 a prime number?
False
Is 376588285 composite?
True
Is 2036549 composite?
True
Is 13822363 a composite number?
False
Is 5448241 composite?
True
Is 60081601 prime?
False
Is 466389881 composite?
True
Is 142113869 composite?
True
Is 49533551 a composite number?
True
Is 136464637 a composite number?
False
Is 120388891 composite?
True
Is 60099863 a prime number?
False
Is 20105303 a composite number?
False
Is 1554588005 a prime number?
False
Is 3307105 prime?
False
Is 19954939 a composite number?
False
Is 70187009 a composite number?
False
Is 6962829 composite?
True
Is 3124057 a prime number?
True
Is 890099 a composite number?
True
Is 15208009 a prime number?
False
Is 5179673 composite?
True
Is 14869937 a composite number?
True
Is 17015783 a prime number?
True
Is 345250931 a composite number?
True
Is 1893363 a prime number?
False
Is 1409669 a composite number?
True
Is 433393 composite?
False
Is 56758729 prime?
True
Is 13274491 prime?
True
Is 21645119 a composite number?
True
Is 31155001 composite?
True
Is 72121223 prime?
True
Is 3014111 a composite number?
True
Is 11524207 a composite number?
False
Is 1602319 a composite number?
True
Is 97264703 composite?
False
Is 7297 composite?
False
Is 68084839 composite?
False
Is 39743647 a composite number?
False
Is 60061451 prime?
False
Is 12916307 composite?
True
Is 123144611 a composite number?
False
Is 119615773 a composite number?
True
Is 6230131 prime?
True
Is 1253162 composite?
True
Is 1381609 a prime number?
True
Is 100866989 a prime number?
True
Is 13671419 a prime number?
True
Is 7834615 a composite number?
True
Is 42338029 a composite number?
True
Is 147611591 prime?
False
Is 4914937 a composite number?
False
Is 21491727 a prime number?
False
Is 37670839 a composite number?
True
Is 4014313 composite?
False
Is 9446161 a composite number?
False
Is 4738871 composite?
False
Is 3750437 composite?
True
Is 7269611 prime?
True
Is 216333719 a prime number?
False
Is 78163103 a prime number?
True
Is 6574681 a composite number?
False
Is 116447395 a prime number?
False
Is 1387769 composite?
True
Is 5371519 composite?
False
Is 21014377 a prime number?
False
Is 4175663 a prime number?
True
Is 16147699 prime?
True
Is 3240983 a prime number?
True
Is 720118303 a composite number?
False
Is 12329101 prime?
True
Is 11953883 a prime number?
True
Is 18972137 a prime number?
True
Is 69578147 a prime number?
True
Is 4969105 prime?
False
Is 1236883 a prime number?
True
Is 257009 composite?
True
Is 45508109 a composite number?
False
Is 23741407 prime?
True
Is 4048171 prime?
True
Is 114672083 a prime number?
True
Is 1094861 composite?
True
Is 768269 composite?
True
Is 8280917 a composite number?
False
Is 9608453 prime?
True
Is 22431883 a prime number?
False
Is 183797 composite?
False
Is 206404453 prime?
False
Is 29648841 prime?
False
Is 234424583 a composite number?
True
Is 31076363 a composite number?
False
Is 1090337 composite?
True
Is 6199019 prime?
False
Is 910193 prime?
False
Is 151724297 prime?
True
Is 9865241 a composite number?
False
Is 91884917 composite?
False
Is 21331777 composite?
False
Is 68149441 a prime number?
True
Is 20056769 composite?
False
Is 4051687 composite?
True
Is 169361 prime?
True
Is 4395779 a composite number?
False
Is 9548909 a prime number?
True
Is 8856121 prime?
True
Is 256037599 composite?
False
Is 594977 pr